ors of c?
7
Suppose 4*p - 4*k = 280292, p + 2112*k - 2117*k = 70085. List the prime factors of p.
2, 5, 7, 11, 13
Suppose 0 = y - 46 + 44. Let z(s) = -10*s**3 + 2*s**3 + 7*s**3 - 6*s + 4 - 18*s**y. List the prime factors of z(-18).
2, 7
Suppose 8*f + 6097 = 1833. Let l = -382 - f. List the prime factors of l.
151
What are the prime factors of -1*(-17)/(153/94410)?
2, 5, 1049
Suppose -116*n + 1476 = -112*n. Let w = -310 + n. What are the prime factors of w?
59
Suppose -2*w + 43 = 5*x, 3*x - 6*x + w = -28. Suppose 12*v - 843 = x*v. List the prime factors of v.
281
What are the prime factors of 770/220*(2/9 + 1719980/126)?
2, 3, 7963
List the prime factors of 8/(-10) - 727384/(-155).
2, 3, 17, 23
Let t = 26091 + -18017. What are the prime factors of t?
2, 11, 367
Let w(i) = 4659*i - 1989. List the prime factors of w(4).
3, 31, 179
What are the prime factors of ((-84330)/15)/((-6)/(-28)*-2)?
2, 7, 937
Let p be (-8)/7*34762/(-52). Suppose 0 = -3*f + 5*h + 872 - 124, -h - p = -3*f. List the prime factors of f.
2
What are the prime factors of (-12 + (-23816)/24)*-6?
2, 23, 131
Let z = -35601 + 80506. List the prime factors of z.
5, 7, 1283
Let v(n) = 56*n**2 - 317*n - 73. List the prime factors of v(-35).
2, 41, 971
Suppose -45676 = -16*g - 0*g + 69780. What are the prime factors of g?
2, 11, 41
Suppose 0 = 5*o - 5*r, -4*r = -3*r. Suppose o = -12*u + 356 + 112. List the prime factors of u.
3, 13
Suppose -s + 4*c = -2*s - 16, -2*s + 20 = -5*c. Suppose -y - 4 + 6 = s. Suppose -q - q - y*g + 132 = 0, -270 = -4*q - g. List the prime factors of q.
2, 17
Let n be (-7)/(0 - -7)*919. Let i = -48 - n. List the prime factors of i.
13, 67
Suppose -5*k - x + 79 = 0, 5*k = -x - 3*x + 76. Let q(u) = 10*u - 102. What are the prime factors of q(k)?
2, 29
Suppose 0 = 3*u + 3*i - 20 - 25, -2*i = -4*u + 60. Suppose 3*m - 1248 + u = -5*n, -5*n = -m - 1249. List the prime factors of n.
3, 83
Let t(w) = -2*w**2 - 4*w + 4. Let r be t(-5). Let c = 17 + -11. What are the prime factors of r/(-6)*(21 + c)?
3, 13
Let p be 2 - (-1)/(-3)*3*-2. Suppose 0 = p*q + 5*b - 632, 0*b - 2*b = 0. Suppose q = f + 3*t, 0*f = f + t - 156. List the prime factors of f.
5, 31
Suppose -12*m = 7*m - 171. Suppose -g + r = -3, -6 = 4*g - m*g + 2*r. Suppose g = -16*l - 2175 + 6223. List the prime factors of l.
11, 23
Suppose 15*i = 10*i - 245. Let k = i - 362. Let r = -276 - k. List the prime factors of r.
3, 5
Suppose 6249 = -59*g + 35834 + 1154. What are the prime factors of g?
521
Suppose -3*m = -z - 1282, -2*m - m - 4*z = -1307. Suppose -7*j = -327 - m. What are the prime factors of j?
2, 3
Suppose -8*n - 1476 = -5948. Suppose 423 = 3*i + 4*f - n, -2*f + 326 = i. List the prime factors of i.
2, 3, 5, 11
Suppose 26*r - 30*r = -24. Let k(v) = v**3 - 7*v**2 + 2*v + 28. Let o be k(r). Suppose o*u - 29 - 19 = 0. List the prime factors of u.
2, 3
Let r(l) = -768*l - 491. List the prime factors of r(-23).
13, 1321
Let y(a) = -64*a - 3. Let h = -184 - -181. What are the prime factors of y(h)?
3, 7
What are the prime factors of 1550/(186/(-6))*(-1942)/(-10)*-2?
2, 5, 971
Let s(c) = 38*c + 2. Let b be -1*(1/2)/(2/4). Let g be s(b). Let l = 15 - g. What are the prime factors of l?
3, 17
Let a be 49353/18 + (-5)/6. Suppose 0 = -5*f - 2*r + a, -1119 = -2*f + 5*r - 40. List the prime factors of f.
547
Suppose -3615 = -6*f - 1125. Suppose 0 = -2*c + 3*y + 281, -2*c - c - 2*y + f = 0. What are the prime factors of (-9 - c)*(-1 - (-3)/(-4))?
7, 37
Let h = -3616 + 9485. What are the prime factors of h?
5869
Suppose b - 6*b = -25. Suppose -3*r + 2114 = b*z, -3*r + 2112 = z + 2*z. Suppose -4*w - 5*d + r = 0, w + 2*d + d = 181. List the prime factors of w.
2, 43
Let d = 23628 - 11062. List the prime factors of d.
2, 61, 103
Suppose -7277 + 33789 = 6*f - 46934. What are the prime factors of f?
12241
Let m be 0/(2*(-2)/4). What are the prime factors of -5 - (m - (-4 - -8))*112?
443
What are the prime factors of (-10004469)/(-494) - (-5)/130?
2, 61, 83
Suppose -3*v - 3*s = 3, 9*s = 4*s - 25. Suppose -v*l + 566 = -1646. What are the prime factors of l?
7, 79
Suppose 0 = 18*j - 4789 - 11105. Let k = 2051 - j. What are the prime factors of k?
2, 73
Suppose -43*g = -38*g - 20. Suppose g*d + 1023 = 7*d. List the prime factors of d.
11, 31
Let j = -28 + 25. Let k(z) = -9*z**3 + 4*z**2 + 5*z + 2. Let x be k(j). Let a = x - 152. What are the prime factors of a?
2, 3, 19
Suppose -125*v + 137235 - 6240 = -104380. List the prime factors of v.
7, 269
Let m(u) = u**3 - 3*u**2 - 13*u + 11. Let c(q) = -q**3 + 2*q**2 + 14*q - 12. Let f(g) = -3*c(g) - 4*m(g). What are the prime factors of f(-5)?
7, 31
Suppose 222*s = 229*s - 5705. List the prime factors of s.
5, 163
Suppose 0 = 27*k - 46*k + 23199. Suppose h = 5*a + k, -3*h - 33*a = -30*a - 3753. List the prime factors of h.
2, 7, 89
Suppose 110*c = -9*c - 151*c + 12310650. What are the prime factors of c?
5, 11, 829
Suppose 7*l + 2 = 44. What are the prime factors of l/(-14) + -643*20/(-35)?
367
Let i(v) = 152*v**2 - 10*v - 9. Let c(x) = x**3 - 16*x**2 - 1. Let z be c(16). What are the prime factors of i(z)?
3, 17
Suppose -3*t + 67216 = -1400. Suppose -27*q - t = -51*q. List the prime factors of q.
953
Let v(i) = -i - 10. Let o be v(-18). Let t be (0 + (-4)/o)*(1 + -1). Suppose 4*p - 592 = -0*p - 4*x, t = -3*p + 2*x + 454. What are the prime factors of p?
2, 3, 5
Let n(i) = -2*i**3 - 10*i**2 + 4*i + 1. Let c be 20/(-15) - (-40)/(-6). List the prime factors of n(c).
353
Let o = -10567 - -15181. List the prime factors of o.
2, 3, 769
Suppose 2*t = 9*t - 10087. Suppose 0 = -18*y + 899 + t. List the prime factors of y.
2, 5, 13
Suppose -4*c + 13 = 41. Let w = -14 - c. What are the prime factors of 222/3 + (-3 - w)?
2, 3, 13
Suppose -p + 11953 = -4*u, -10*u + 12*u = 4*p - 47742. What are the prime factors of p?
11933
Let y = 141 - 144. List the prime factors of 10/30 - 857/y.
2, 11, 13
Let o(w) = 2*w**2 + 7*w - 47. Let d = -102 + 88. What are the prime factors of o(d)?
13, 19
Suppose -24332 = -980*z + 973*z. Let c = z - 2263. List the prime factors of c.
1213
Suppose 18*q - 13*q + 20 = 0. Let i be q - (-2 - (1 - 24)). Let w = 0 - i. What are the prime factors of w?
5
Let k be ((-2)/(-2) + 9/6)*2. Suppose 3 = -g, -g + 837 = -5*j - k*g. Let p = 266 + j. What are the prime factors of p?
101
Let y(m) = -m**3 - 6*m**2 - 6*m - 7. Let s be y(-5). What are the prime factors of 1/(536/1040 - (-1)/s)?
5, 13
Let w = -52 + 53. Let h be ((-25)/10 + w)*-206. Suppose 3*k + h = 6*k. What are the prime factors of k?
103
Let j(x) = 2*x**3 - 98*x**2 + 170*x + 86. What are the prime factors of j(49)?
2, 263
What are the prime factors of 29868/((-11 + 39)/14)?
2, 3, 19, 131
Suppose -7 = -3*c - 5*n, -3*c + n - 3*n + 10 = 0. Suppose 4*u = 3*d + 695, c*u - 3*u + 2*d - 171 = 0. Let y = u + -57. What are the prime factors of y?
2, 29
Suppose 3929*i - 3905*i = 1189920. What are the prime factors of i?
2, 5, 37, 67
Let x = 24950 + -15364. List the prime factors of x.
2, 4793
Let l be (-408)/9 - -3 - (-1)/3. Let z = l - -46. Suppose -w = -5*f + 163 + 243, -f + z*w = -85. List the prime factors of f.
3
Let v(a) = -a**2 + 5*a + 10. Let h be v(6). Let k = h + -1. What are the prime factors of 5/(5/84)*k/4?
3, 7
Suppose -4*a = 54*n - 57*n - 89815, a = 3*n + 22438. What are the prime factors of a?
37, 607
What are the prime factors of -13 - (-89373 - (-28 - -26))?
2, 3, 53, 281
Suppose 3*f = 5*l + 40, -19 = -3*f - 2*l + 7. Let x(n) = n**3 + 8*n**2 - 22*n. What are the prime factors of x(f)?
2, 5, 79
Suppose -p + 4*w = -7277, -p = -3*p + w + 14505. What are the prime factors of p?
11, 659
Suppose -4*w + 30 = -42. Let q(s) = s**3 + s**2 + 0*s**2 + 3*s**2 - w - 16*s + 4*s**2. List the prime factors of q(-8).
2, 5, 11
Let w(c) be the second derivative of 5*c**4/12 + 3*c**3/2 + 33*c**2/2 - 13*c + 3. List the prime factors of w(-10).
443
Suppose -7*c + 50 = -27. Suppose 0 = c*f - 18*f + 4361. List the prime factors of f.
7, 89
Suppose 0 = 4*k + 2*y + 625348, 294929 = -3*k - 4*y - 174087. What are the prime factors of k/(-108) + 4/9?
2, 181
Suppose -40*a - 43980 = -43*a + u, -2*a + 29319 = -u. What are the prime factors of a?
3, 181
Let u = 95 - 104. Let n(p) = -31*p + 44. What are the prime factors of n(u)?
17, 19
Let r = 42